hat are the prime factors of h(6)?
2, 3, 7, 13
Let a(s) be the second derivative of 8*s**4/3 + 10*s**3/3 - 6*s**2 - 25*s + 3. List the prime factors of a(5).
2, 3, 37
Suppose -5*p - 66 = -41, 0 = -t + p + 8521. What are the prime factors of t?
2, 2129
Suppose 0 = 2*p + h - 400 - 743, 1140 = 2*p + 4*h. Suppose -15*c - p = -37*c. List the prime factors of c.
2, 13
Suppose 171*k - 169*k + 5*p - 123926 = 0, -185911 = -3*k - 2*p. What are the prime factors of k?
29, 2137
What are the prime factors of ((-181810)/(-70))/((-14)/(-196))?
2, 18181
Let n be (21/(-14))/(4/808). Let v = -84 - n. List the prime factors of v.
3, 73
Let t(r) = r**2 + 5*r. Let j be t(-6). List the prime factors of (14952/2)/j + -2.
2, 311
Suppose 307 = -5*o + 1877. Let u = o - 174. What are the prime factors of u?
2, 5, 7
Let d be 6/(-4)*(11/(-3) + 5). Let q be (d - (-3)/2) + (-65)/(-10). Let l(c) = 2*c**2 + 2*c - 13. List the prime factors of l(q).
71
Let c(r) = -r**3 - 30*r**2 + 259*r + 3. What are the prime factors of c(-43)?
3, 11, 17, 23
Suppose 3*b = -3, -3829*b - 17965 = -h - 3833*b. List the prime factors of h.
7, 17, 151
Let b = 5018 + -7846. What are the prime factors of (b/12)/(5/(-15))?
7, 101
Suppose -20*b + 16*b = -9*g + 2856, 0 = 4*g + b - 1286. List the prime factors of g.
2, 5
Suppose -5*h = 2*a - 3*a - 636, -5*h + 3*a = -628. List the prime factors of 4*(-8)/h + 14127/12.
11, 107
Let o(k) be the second derivative of -k**5/20 + k**4/12 + 11*k**3/6 + 9*k**2 - 102*k. What are the prime factors of o(-7)?
3, 37
Let b(s) = 24*s**2 - 19*s + 9. Let w be b(9). Let n be w/45 - (-3)/(-5). Suppose c - n = 160. List the prime factors of c.
199
Let t(p) = p**3 - 11*p**2 + 10*p - 4. Let k be t(10). List the prime factors of 2*(-70)/k*(-387)/(-15).
3, 7, 43
Suppose -6*j - 20 = 4*j. What are the prime factors of 2*j*(138210/20)/(-17)?
2, 3, 271
Suppose -144*q = -4112 - 46864. List the prime factors of q.
2, 3, 59
Let w(i) = 2364*i - 5382. List the prime factors of w(14).
2, 3, 31, 149
Let b(s) = s**3 + 13*s**2 - 14*s + 4. Let h be b(-14). Suppose g - n = h*n + 380, -3*n = -5*g + 1922. List the prime factors of g.
5, 7, 11
Let w(u) = 49*u - 74. Let c(v) = -99*v + 149. Let p(t) = 4*c(t) + 9*w(t). Let i = -2932 - -2938. List the prime factors of p(i).
2, 5
Suppose -32*f = -6702 + 334. Suppose 2161 - f = 5*z + 2*i, 3*i + 1173 = 3*z. What are the prime factors of z?
2, 7
Let a(w) = 642*w**2 - 306*w - 24. What are the prime factors of a(5)?
2, 3, 151
Suppose -17*k + 25*k - 3152 = 0. Let q = k - 244. List the prime factors of q.
2, 3, 5
Suppose 19*t = 24*t - 5885. Suppose 1684 = 5*v - g - t, 3*v = 3*g + 1707. List the prime factors of v.
3, 191
Suppose 25*y - 1300130 = -24*y + 23*y. List the prime factors of y.
5, 73, 137
List the prime factors of (75459/6)/((-12)/16 + 15/12).
25153
Suppose 0 = -h - 3, 33*h - 5030 = -5*j + 28*h. Let s = -499 + j. What are the prime factors of s?
2, 3, 5, 17
Suppose 2*j - 32774 = -h, 29*h - 32*h - 49134 = -3*j. List the prime factors of j.
2
Let v(w) be the first derivative of 2*w**3/3 - 3*w**2 + 39*w + 8. List the prime factors of v(11).
5, 43
Suppose -5*a + 2320 = -n - 4*n, 0 = 4*n + 20. List the prime factors of a.
3, 17
Suppose m = -n + 2, 7*m - 10*m = 5*n - 14. Suppose 5*p - n*r = 148, -2*p + 4*p + 5*r = 46. What are the prime factors of p?
2, 7
Let t(o) be the third derivative of 4/15*o**5 - 5*o**3 + 0 + 0*o + 9/8*o**4 - 25*o**2 + 1/120*o**6. What are the prime factors of t(-13)?
2, 3, 7
Let y = 33384 + -16035. List the prime factors of y.
3, 5783
Let u(g) = -203*g + 6207. What are the prime factors of u(-153)?
2, 3, 6211
Let d(p) = 201*p**2 - 204*p - 59. What are the prime factors of d(-5)?
2, 41, 73
Let g = -52 + 154. Suppose 8*c = 302 - g. List the prime factors of c.
5
Suppose -3*k + 11 = 2. Suppose h = -k*r + 12, 3*h = r - 4 - 0. Suppose 3*l - 114 = -h*l. List the prime factors of l.
2, 19
Let c(g) = 2*g**2 + 16*g - 11. Let n be (22/6)/((-17)/51). Let r be c(n). Let k = r - -24. List the prime factors of k.
79
Suppose -242*m + 480*m + 249495 = 243*m. What are the prime factors of m?
3, 16633
Suppose -9*h = -16*h + 1239. Suppose -5*p = -2*a + 348, -3*p + h = a - 4*p. List the prime factors of a.
179
Let w(o) = 4*o**2 + 13*o - 29. Let s be w(13). What are the prime factors of (2/((-16)/12))/((-2)/s)?
2, 3, 17
Let i(d) be the second derivative of 9*d**5/10 - d**4/6 - 5*d**3/3 - 9*d**2/2 + 61*d. What are the prime factors of i(4)?
3, 7, 17
Let u be (-370)/(-25) + (-2)/(-10). Let w(h) = -h**3 + 8*h**2 - 10 + 2 + u - 9*h. What are the prime factors of w(6)?
5
Let o(g) = g**3 + 24*g**2 + 4*g - 126. Suppose 115 = 24*b - 29*b. What are the prime factors of o(b)?
311
Suppose 2*i + i = 6*i. Suppose -9*o + 12*o - 2715 = i. What are the prime factors of o?
5, 181
Suppose 0*g + 1 = -g + u, -10 = 2*u. Let b(o) = -3*o**2 + 3*o - 1. Let m be b(g). Let v = -43 - m. What are the prime factors of v?
2, 3, 7
What are the prime factors of 1*(43359 + 15 + 9)?
3, 14461
Suppose 9 = -3*g - 6, 5*h = g + 30. Let s(v) be the second derivative of -v**5/20 + v**4/3 + v**3/2 + 7*v**2 + 2*v + 79. List the prime factors of s(h).
2
Let m(d) = 2*d**2 - 12*d + 5. Let f be 10 - -5*8/(-20). Suppose 0 = i - f*i + 63. What are the prime factors of m(i)?
59
Let u(v) = -2*v + 4. Let p be u(1). Suppose -4*a + 843 = 5*m, m - p*a - 32 = 131. Suppose 2*d = d + m. What are the prime factors of d?
167
Suppose 3*y - 3*v = 501, -53 - 150 = -y - 5*v. Let f = -164 + 80. Let c = f + y. What are the prime factors of c?
89
What are the prime factors of (3316/6)/(((-1)/(-2))/((-3)/(-2)))?
2, 829
Let u be (-1 - (-30)/7) + 32/(-112). Let z(n) = 3*n + n**2 - u*n + 3*n - n**3 - 3. What are the prime factors of z(-4)?
5, 13
Let j = 18 + 192. Let u = 114 + j. List the prime factors of u.
2, 3
Let u be ((-18)/(-42))/((-3)/(-42)). Suppose -293 = -u*j + 3229. List the prime factors of j.
587
Suppose 2*n = -z + 1114, 2*z - 5*n - 5600 = -3*z. Suppose 2*a - 1351 = -2*i - 215, 2*i - 4*a - z = 0. What are the prime factors of 1/(-3 + 1700/i)?
113
Let w(m) = -m**3 - 43*m**2 - 74*m + 86. Let h be w(-41). Suppose f - 2*i - 364 = 33, 4*f = -4*i + 1636. Let y = h + f. What are the prime factors of y?
163
Suppose 42*p - 100672 = 31*p. List the prime factors of p.
2, 11, 13
List the prime factors of (-35 + 42)/(2/234).
3, 7, 13
Let l be 9/21 - 17172/(-14). Let b = l - 702. What are the prime factors of b?
3, 5, 7
Let c = -289 + 434. Suppose 14*t - c = 23. What are the prime factors of t?
2, 3
Suppose 2*j + 121 = -11. Let w be j/(-4)*8 - -1. Let m = -101 + w. What are the prime factors of m?
2
Let w(g) = 162 - 163 + 22*g + g**3 + 19*g**2 - 5*g. Let f = -39 - -21. List the prime factors of w(f).
17
Let b(z) = 10*z**2 - 14*z + 2 + 26*z + 3*z**3 - z**3 - z**3. Let x be b(-3). Let q = x + -6. What are the prime factors of q?
23
Let h = -16051 - -26170. What are the prime factors of h?
3, 3373
Let i = -1 + -7. Suppose 63*d - 20 = 58*d. List the prime factors of 0 + d + -2 - (0 + i).
2, 5
Let c(y) = y + 16. Let q be c(-13). Suppose 5*x = -4*f + 500, q*x + f - 152 = 148. Suppose 12*r - 676 + x = 0. List the prime factors of r.
2, 3
List the prime factors of -4 + 5 + -3 - -6076.
2, 3037
Let l = -14018 + 19719. What are the prime factors of l?
5701
Let r(d) = 10*d + 6. Let c be r(-3). Let l be 3 + -71 + 1 - -1. Let o = c - l. What are the prime factors of o?
2, 3, 7
Let q(t) = 10*t**2 + 83*t - 798. List the prime factors of q(27).
3, 41, 71
Let x(r) = -2*r**2 - 28*r + 192. Let n be x(-19). Let k = 2 + -12. List the prime factors of 3*n*k/(-15).
2
Let p(n) = -n**3 + 4*n**2 - 2. Let q be p(0). List the prime factors of 8/(256/2632) + q/8.
2, 41
Let v(j) = -j**3 + 4*j + 3. Let u be v(-2). Suppose -u*p + 2*h + 110 = 3, -113 = -3*p - h. Suppose p*q = 36*q + 23. List the prime factors of q.
23
Suppose -23*a = 123013 - 334452. What are the prime factors of a?
29, 317
Let y(k) = -k**2 - 4*k + 5. Let m(l) = -5*l - 49. Let w be m(-9). Let x be y(w). Let f = x + 124. What are the prime factors of f?
3, 43
Suppose m - 3*s - 2 = 0, m + 4*m = -3*s + 64. Suppose 112 = -3*f + m*f. Suppose f + 6 = z. List the prime factors of z.
2, 5
Suppose 2*y = -p + 11, 2*y + 4*p - 20 = -0*y. Let u be 545 + 1/(-3 + y). Let t = u + -386. What are the p